= -27006 + 532477. Is z a prime number?
False
Let i(u) = 45*u**3 + 23*u**2 - 2*u - 139. Is i(17) prime?
False
Is (-9)/12*-2*24687564/198 a composite number?
False
Let j(n) = 6*n**2 - 13*n - 86. Is j(-21) prime?
True
Suppose 3*w - 3*t = 39, -3*t - 2 = -w + 5. Suppose w*i - 15*i - 2825 = 0. Suppose 4*p - 4*l = 11052, -2*p + l + 2705 + i = 0. Is p composite?
False
Let b = -9396 + 36875. Is b composite?
False
Suppose -6*f - 20 = -68. Let h be (f/40)/((-3)/(-15)). Is 2655 - -1*(h + 1) a composite number?
False
Let k(j) = -j**2 - 9*j + 13. Let n be k(-10). Suppose h + 0*h = -3*v - 203, 0 = n*v - 5*h + 209. Is (v/16)/((-2)/536) composite?
True
Let r(v) = -377*v**2 - 10*v + 55. Let c(x) = -x**2. Let q(n) = -2*c(n) - r(n). Is q(4) composite?
True
Suppose -4*c - 4 + 52 = 0. Let h be c/(8/2)*1. Let g(k) = 5*k**3 - 3*k**2 + 7. Is g(h) composite?
True
Suppose 12*j + 2 - 38 = 0. Suppose 2*h - 4*t = -j*t + 9947, 4951 = h + 4*t. Is h a composite number?
True
Suppose 5*v - 3*v + 34 = 0. Let r = -15 + v. Is 2694/10 + r/80 a prime number?
True
Let y = -64341 - -288680. Is y a composite number?
True
Let t be 2520/54 - (8/(-3))/(-4). Let h = t + 175. Suppose 0 = -5*v + 6*v - h. Is v a prime number?
False
Let t(y) be the second derivative of -y**7/2520 - 11*y**6/360 + 23*y**5/120 - 2*y**4/3 + 7*y. Let q(m) be the third derivative of t(m). Is q(-16) composite?
True
Let c be -4*((-4)/10)/(16/50). Suppose -5*g - k + 43702 = 0, -7*k = 3*g - c*k - 26217. Is g composite?
False
Let i = 245730 - -487729. Is i prime?
True
Let t be ((-6)/4)/(51/(-68)). Suppose -2*j + x = 0, 0 = -2*j - t*x - 2*x + 20. Suppose -5*m - 498 = -j*n, 4*m - 7 = -23. Is n prime?
True
Suppose -6*f - 2*t = -170956, -13*f + 12*f - 4*t + 28489 = 0. Is f composite?
False
Let y(t) = -1302*t - 719. Is y(-44) a composite number?
False
Let f(r) = 9*r**3 + 10*r**2 - 2*r + 7. Let p(x) = x**3 + x**2 - x + 1. Let u(k) = -f(k) + 6*p(k). Let j be u(-1). Suppose 727 = j*c - 159. Is c prime?
True
Let f = -210 - -248. Suppose -f*m + 360564 = -26*m. Is m prime?
True
Let s be (450 + -1)*(-2)/(-2). Let r be (4840/(-1694))/((-2)/693). Let t = r - s. Is t composite?
False
Let z(j) = 48*j**2 - 74*j + 801. Is z(34) a composite number?
False
Let r = 7 - -30. Let o = 68 + r. Suppose o = -3*l + 8*l. Is l a prime number?
False
Let n(o) = 78391*o - 270. Is n(1) a composite number?
False
Suppose 3*t - 9 = 0, 2*t = q - 3*t + 11. Let d be -6*((-26 - -1) + q). Suppose -146 = -2*y - a - 0*a, -2*y + 4*a = -d. Is y a composite number?
False
Suppose 310304 = 15*y - 250286 - 268775. Is y composite?
False
Suppose z - 9*w - 12 = -12*w, 3*z - 6 = -3*w. Is 7411/(z/(-2)*68/102) a composite number?
False
Suppose -4*w = -j - 106, 0 = 4*w + 3*j - 114. Suppose -2*g - w = -3. Let q(k) = -8*k - 29. Is q(g) prime?
True
Suppose 47 = 3*w + 32. Suppose -2*n + 793 = w*c, c - 3*c = -n + 419. Is n a composite number?
False
Let p be ((-1)/2)/(2/(-28)). Suppose 0 = p*s + 2 - 16. Suppose -3*h + s*x = -105 - 808, -1519 = -5*h + 4*x. Is h a composite number?
False
Suppose -j = -6*u + 4*u - 53, u - 2 = 0. Suppose -v = 2*b - 4, 0*v - 5*v = 20. Suppose -2*n = -b*l + 183 + j, -n = 3*l - 175. Is l a prime number?
True
Suppose 8*y - 42359 = 4*q + 22561, 0 = 5*y - 3*q - 40573. Is y a composite number?
False
Is ((11 - 1) + (-53559)/198)*(-1 + -1113) prime?
False
Let p = 21253 - -35424. Suppose 0 = -13*h - 17118 + p. Is h a composite number?
True
Let i be (-2 + (-1 - 84/(-8)))*2. Suppose i = -3*s + 24. Suppose y = 2, 0*g + s*y - 773 = -g. Is g a prime number?
False
Let k be ((-18)/(-5))/(2/(-10)). Let d be 28/(-49) - (-149484)/(-14). Is 26/(-117) + d/k a prime number?
True
Let f(q) be the second derivative of q**5/4 - 5*q**4/4 + q**3 - 13*q**2/2 - q. Suppose 0 = -66*g + 750 + 62 - 152. Is f(g) composite?
False
Suppose -30*h = -5*h - 100. Suppose -5059 = -h*f + 6833. Is f a composite number?
True
Let j(v) = -v**2 + 2*v + 2768. Let y be j(0). Suppose -y - 2867 = -5*c. Let p = c + -600. Is p a prime number?
False
Is (756/(-72))/(3/(-48460)) + 9 a composite number?
True
Let d(t) = -17*t**3 + 18*t**2 + 21*t + 41. Let r be 3/(-2)*-26*(-5)/15. Is d(r) a prime number?
False
Let v(t) = -432*t - 3. Suppose 7*f + 64 = 29. Is v(f) a prime number?
False
Suppose -12 = -3*k - 2*m + 3*m, -4*m = -4*k + 8. Suppose k*a - 3773 - 5012 = 0. Is a prime?
False
Let y = 36 + -27. Let g(d) = 30*d - 18. Let u be g(y). Let n = u + 319. Is n a composite number?
False
Is -2*(0 + 0 - (-138080)/(-64) - 6) prime?
True
Let m(s) = -s**2 - 3*s + 9. Let t be m(-5). Let w be -15*t/(3*(-2)/(-18)). Suppose i - 2*n - 28 = 0, -w - 3 = -2*i - 4*n. Is i composite?
True
Let c = 369 + -365. Suppose c*g + 2385 + 3774 = l, -3*g - 24584 = -4*l. Is l a prime number?
True
Suppose 54 - 6 = -12*s. Is ((-326)/s)/(((-3)/1)/(-18)) a prime number?
False
Suppose -2301 = 5*v - 8*v. Suppose -8*q + v - 20479 = 0. Let a = 6691 + q. Is a prime?
False
Let o = -11055 + 12766. Is o a composite number?
True
Let o(g) be the first derivative of g**4/4 - 5*g**3/3 - 3*g**2 + 3*g + 25. Let u be o(6). Is (3/(18/382))/(1/u) a prime number?
True
Let k = -908169 - -1537508. Is k composite?
False
Let s(f) = 366*f**2 - 33*f + 182. Is s(5) a composite number?
True
Let i(p) = 11 - 8 + 50*p + 670*p. Let w be i(1). Suppose -5*b - h = -w, 3*b = h + 46 + 391. Is b a composite number?
True
Suppose 3*l + 17 = 4*w, -l + 9 = 3*w - 2*l. Suppose -5*f = -w*g + 8400 - 747, 0 = 5*g - f - 19190. Is g a composite number?
True
Let y = 347074 - 216795. Is y a prime number?
True
Suppose 3*k = 6, -4*h - 44*k = -39*k - 459446. Is h a prime number?
True
Is 2007/(-4014) + 1 + 1780211/2 + 1 a composite number?
False
Let a be 476/30 - (-10)/(-75)*-1. Is 1748/2 - -10*(-8)/a composite?
True
Let b = 119051 - 5974. Is b a prime number?
False
Suppose 5*o + m - 53865 = 0, -4*o - 4*m + 43071 = m. Let n = 20263 - o. Is n composite?
True
Suppose 48*l = 31*l + 42687. Suppose g - 1963 = -f, -g - 4*f = 536 - l. Is g composite?
True
Suppose 0 = -3*d + 2*p + 581097, -5*p - 968485 = 1895*d - 1900*d. Is d prime?
True
Suppose -4*i = 2*f - 948542, -948560 = -52*i + 48*i + 4*f. Is i a prime number?
True
Let x(y) = -330*y**3 + y**2 - 8*y + 20. Let l(d) = 660*d**3 - 2*d**2 + 18*d - 40. Let o(h) = -4*l(h) - 9*x(h). Is o(3) composite?
True
Suppose 81*y + 31427562 = 162674057 + 12009376. Is y a prime number?
False
Let l(q) = -q**3 + 35*q**2 + 34*q + 43. Is l(30) a prime number?
True
Let m be 1 + 165/(-21) + 3/(-21). Is 1473*28/21 - (-2 - m) a prime number?
False
Is (-7 - (-9)/(54/(-27762090)))/(-2) a prime number?
True
Let m = -9196 + 20309. Is m a prime number?
True
Let x be (18/81 - 4/18) + 2. Suppose -3*h + 4*j + 88877 = 0, 51486 = 2*h - x*j - 7764. Is h composite?
True
Let v(n) be the third derivative of -11*n**4/3 + n**3/2 - 89*n**2. Let j = -46 - -41. Is v(j) composite?
False
Let y(q) = 10481*q**3 - 7*q**2 + 7*q + 15. Is y(2) a composite number?
True
Suppose -6*m + 36 = 60. Let f(x) = x - 4. Let u be f(6). Is (2495 - 2) + 0 + m/u composite?
True
Let l(o) = -2*o**2 - o - 3 + 0 + 5. Let c be l(0). Suppose -939 = -c*i - 3*v + 898, -v = 4*i - 3689. Is i a prime number?
False
Let b be 4 - (-9)/((-36)/(-20200)). Suppose w + b = -6*w. Let y = -369 - w. Is y a prime number?
True
Let j(r) = r**3 + 14*r**2 + 11*r + 20. Let c(o) = -o**3 - 6*o**2 + 8*o - 6. Let h be c(-7). Is j(h) composite?
True
Let j = 22 + -12. Suppose 7*b - j*b = 0. Is b/4 + 1 + 52 a composite number?
False
Is (-4 - -2)/(14/(-144151)) a composite number?
False
Is (38778660/300)/(6/10) a composite number?
True
Let o = 95624 + 78941. Is o prime?
False
Let h be -7 + (-1161)/(-18)*-78. Let u = -3089 - h. Is u a composite number?
False
Let b(g) = 441*g**2 - 13*g - 60. Let f(w) = -110*w**2 + 3*w + 15. Let p be 48/32*(0 + -6). Let d(z) = p*f(z) - 2*b(z). Is d(4) a prime number?
True
Suppose -14 = -3*a + 5*d, -2*d - d = 2*a - 3. Suppose 5*i = a*h + 7267, 5*h = 4*i - 0*i - 5811. Is i a prime number?
False
Let h be 2/5 - 252/(-45). Let n(l) = -l**3 + 7*l**2 - 7*l + 8. Let p be n(h). Suppose -p*a + 282 = -16. Is a a composite number?
False
Suppose 73*k - 76*k = 0. Suppose 3*d - 2*v - 2366 = 0, -3975 = -5*d - 3*v - k*v. Let u = d + -159. Is u composite?
True
Let v(h) = -h**3 + h + 1009. Suppose i - 6 = 3*b, -i - i = -5*b - 11. Suppose -3 